352?
338
Calculate the greatest common divisor of 1887732 and 34356.
84
What is the greatest common divisor of 66731604 and 24?
12
Calculate the highest common factor of 203006580 and 5460.
420
What is the greatest common factor of 129147 and 9?
3
What is the greatest common divisor of 288 and 5247261?
9
What is the greatest common factor of 1 and 441302744?
1
What is the highest common factor of 4252 and 17217411?
1063
Calculate the highest common divisor of 12708 and 684648.
36
What is the highest common divisor of 21706958 and 364?
182
What is the highest common divisor of 98 and 5829677?
49
Calculate the greatest common divisor of 68509 and 1141.
7
What is the highest common factor of 20679 and 59230758?
339
Calculate the highest common divisor of 5567 and 493278.
19
Calculate the highest common divisor of 476630 and 55720.
70
What is the highest common divisor of 5003122 and 978?
326
Calculate the greatest common factor of 13038 and 559873450.
4346
What is the greatest common factor of 11528574 and 2706294?
11922
Calculate the greatest common divisor of 6673436 and 23265.
517
What is the highest common factor of 496 and 324990236?
124
Calculate the greatest common factor of 59955790 and 50.
10
What is the highest common divisor of 2040 and 3563948?
68
What is the greatest common divisor of 2951 and 78228059?
2951
What is the highest common factor of 926559 and 4464?
279
Calculate the highest common factor of 56 and 51515296.
56
What is the highest common factor of 1390799 and 1225719?
4127
What is the greatest common factor of 32 and 12905248?
32
Calculate the greatest common divisor of 20494199 and 583.
583
What is the greatest common factor of 71885208 and 372?
12
Calculate the highest common divisor of 5397 and 24101203.
1799
What is the highest common factor of 7545 and 134469505?
2515
Calculate the highest common factor of 84870 and 46012742.
1886
What is the highest common factor of 2431 and 2395283?
187
Calculate the highest common divisor of 26500 and 45790.
10
Calculate the greatest common factor of 209115 and 9.
9
What is the greatest common divisor of 5137986 and 31098?
426
Calculate the highest common factor of 22933704 and 3.
3
What is the highest common divisor of 135 and 331860690?
45
What is the greatest common factor of 7256860 and 3040?
380
What is the greatest common divisor of 201 and 194688064?
67
Calculate the highest common factor of 47842695 and 10086.
123
Calculate the greatest common factor of 33 and 162850281.
33
What is the highest common factor of 131280 and 17520?
240
What is the greatest common factor of 4543 and 2612029651?
4543
What is the highest common divisor of 21672 and 300888?
504
Calculate the greatest common factor of 708 and 10997246.
118
Calculate the greatest common factor of 2 and 37159.
1
What is the greatest common divisor of 8228 and 582556?
68
What is the highest common divisor of 9736512 and 10560?
192
What is the greatest common divisor of 116 and 24742481?
29
Calculate the greatest common divisor of 152889 and 1727996.
113
What is the greatest common divisor of 9200 and 121525?
25
What is the greatest common divisor of 858653 and 179164?
953
Calculate the highest common factor of 70740 and 55508106.
786
Calculate the highest common factor of 441 and 1093617.
63
Calculate the greatest common divisor of 26942484 and 17.
17
Calculate the greatest common divisor of 5084 and 96842.
82
What is the highest common divisor of 7853220 and 135?
135
Calculate the highest common divisor of 49813 and 570397.
109
What is the highest common divisor of 201 and 16565147?
67
What is the greatest common factor of 1124857 and 110296?
811
What is the greatest common factor of 425 and 325567?
17
What is the greatest common divisor of 2108 and 3425908?
68
What is the greatest common factor of 70 and 1069478?
2
What is the highest common factor of 964328851 and 58?
29
Calculate the greatest common divisor of 100 and 195620450.
50
Calculate the highest common divisor of 210 and 58025205.
105
What is the greatest common factor of 92090 and 1820?
10
Calculate the highest common factor of 33354376 and 3872.
968
What is the greatest common divisor of 3609444 and 12?
12
Calculate the highest common factor of 2135 and 521794.
427
What is the highest common factor of 2741747 and 87?
29
What is the highest common divisor of 153690771 and 417?
417
What is the greatest common factor of 18 and 408774?
6
What is the highest common divisor of 85 and 377655?
85
Calculate the greatest common divisor of 539 and 1488487.
77
Calculate the highest common factor of 22089 and 1027835.
199
Calculate the greatest common factor of 760392 and 3068.
236
Calculate the highest common factor of 2032808 and 15038.
206
Calculate the highest common factor of 176887302 and 1302.
186
Calculate the greatest common factor of 67702752 and 38948.
5564
What is the highest common factor of 39615 and 199785?
285
Calculate the highest common factor of 16559 and 2329109.
571
What is the greatest common divisor of 375 and 21869850?
75
What is the greatest common divisor of 608 and 93875808?
608
What is the greatest common divisor of 3425200 and 175?
25
Calculate the highest common factor of 40 and 939721060.
20
What is the greatest common divisor of 112 and 201736928?
16
What is the greatest common divisor of 131423 and 4256?
19
Calculate the greatest common factor of 4719 and 21984248.
1573
Calculate the greatest common factor of 9739085 and 4385.
4385
What is the highest common factor of 14900500 and 4?
4
Calculate the highest common factor of 299697311 and 1067.
97
What is the greatest common divisor of 25984 and 34629364?
812
What is the greatest common divisor of 24372713 and 34?
17
Calculate the greatest common factor of 1077959 and 190327.
29
Calculate the greatest common factor of 37929735 and 35304.
4413
What is the greatest common divisor of 19118330 and 3080?
770
What is the greatest common divisor of 960 and 3869520?
240
What is the highest common divisor of 15 and 141910125?
15
What is the greatest common factor of 5442 and 2742?
6
What is the greatest common factor of 6119 and 101844636?
6119
What is the highest common divisor of 2779469 and 1793?
11
Calculate the highest common divisor of 897192 and 3570.
102
What is the highest common factor of 8 and 214432840?
8
What is the greatest common factor of 2295 and 102731?
17
Calculate the greatest common divisor of 678413124 and 87.
87
Calculate the greatest common divisor of 657 and 821196126.
657
Calculate the greatest common divisor of 123 and 20917923.
3
What is the highest common factor of 63 and 164040597?
63
Calculate the greatest common divisor of 746 and 114301374.
746
What is the highest common divisor of 20199552 and 312?
24
Calculate the greatest common factor of 2016 and 262932.
12
What is the highest common factor of 144 and 117314019?
9
Calculate the highest common factor of 597699 and 7755.
141
What is the greatest common divisor of 52900 and 1309300?
100
Calculate the greatest common divisor of 363 and 274783179.
33
What is the greatest common divisor of 164 and 467851?
41
What is the highest common factor of 30 and 24867420?
30
What is the greatest common divisor of 1258924 and 2455?
491
Calculate the highest common divisor of 42 and 41050114.
14
Calculate the highest common divisor of 27312383 and 82379.
7489
What is the greatest common divisor of 63 and 17802330?
21
What is the greatest common factor of 11256 and 36809304?
168
Calculate the greatest common divisor of 3649635 and 12735.
45
What is the greatest common factor of 40068 and 2138815?
371
Calculate the greatest common factor of 116868324 and 3268.
172
Calculate the greatest common divisor of 129708 and 248076.
108
What is the greatest common factor of 886351 and 1157?
89
What is the greatest common divisor of 989 and 16910051?
43
What is the highest common divisor of 1220695 and 140?
35
Calculate the greatest common factor of 14432834 and 806.
26
Calculate the greatest common factor of 39250628 and 6908.
628
Calculate the greatest common divisor of 55864 and 116525321.
6983
What is the greatest common factor of 9879685 and 603145?
8495
Calculate the greatest common divisor of 460431724 and 232.
116
Calculate th